 highest common divisor of 9 and n.
1
Let o = 26 + -19. What is the highest common divisor of o and 7?
7
Let g be (-12)/8*2 - -22. Calculate the greatest common factor of 152 and g.
19
Let j(r) = 2*r**2 + 1. Let o be j(1). Let y = o - 1. Suppose 2*a - 28 = y*i, 0 = 2*a - 6*a + 5*i + 60. What is the greatest common divisor of 90 and a?
10
Suppose 29 = 3*v - 37. Suppose 3*b = 7*b. Suppose -o + b*o = -55. Calculate the greatest common divisor of v and o.
11
Let b = 10 - 14. Let c be (0*(-2)/b)/2. Suppose 4*d + 12 = c, 0 = 2*y + d - 32 - 43. What is the highest common factor of y and 26?
13
Let l = 23 + -8. Suppose l*g = 16*g - 264. Calculate the greatest common divisor of g and 33.
33
Let s = 13 - 8. Suppose 2*o = -5*z + 594, 3*z - o + 237 = s*z. Calculate the greatest common factor of 12 and z.
12
Suppose -32 + 202 = 5*a. Suppose -r = -3*r. Suppose 24 = 2*w - 5*u, 5*u + 1 - 11 = r. Calculate the highest common factor of a and w.
17
Let q(w) = -3 + 2*w - w + 0*w. Let l be q(6). What is the greatest common factor of l and 27?
3
Let v(g) = -12*g + 10. Let t be v(-5). Let o = -25 - -39. What is the highest common factor of o and t?
14
Suppose 5*n - g - 170 = 0, 6*n - 2*g = 5*n + 34. What is the greatest common factor of 34 and n?
34
Suppose 0*t + 65 = -5*t. Let a = 19 + t. Suppose 0 = -3*f + 4*p + 61, 4*p + 31 = f - 0*p. What is the greatest common factor of f and a?
3
Let l(j) = -15*j - 2. Let n be l(-6). Suppose -n = -4*x + 40. What is the greatest common divisor of x and 80?
16
Let p(m) = 7*m**2 + 2*m - 3. Let w be p(4). Let n(x) = 2*x**2 + 3*x + 4. Let u be n(-3). Calculate the greatest common factor of u and w.
13
Let o be (-1 - -55)/(4/14). Let w be ((-6)/9)/((-6)/o). What is the highest common factor of w and 105?
21
Suppose 15 = 3*k + 2*k. Suppose 0 = 4*o + b + 8, k*b = -4*o - 0*b. Let r be (-64)/(-2) - (5 + o). What is the highest common divisor of r and 12?
6
Let g(x) = x. Let v be g(6). What is the greatest common divisor of 15 and v?
3
Suppose 0 = 5*i - 7*i + 34. Calculate the highest common divisor of i and 68.
17
Suppose -2*j + 36 = 2*u, 4*u + 2*j - 37 = 35. Calculate the greatest common divisor of u and 54.
18
Let k = 5 - 7. Let m = k - -4. Suppose m = 2*q - 10. What is the highest common divisor of 4 and q?
2
Suppose -42 = -t + 13. Suppose 0 = -4*l - 5*s + t, 2*l + 2*s = -3*s + 25. Let j = 31 + 74. What is the greatest common divisor of l and j?
15
Suppose 2*k - 3*k - 159 = -4*x, x - 27 = -4*k. What is the greatest common factor of 39 and x?
39
Suppose -4*y + 14 = 3*y. What is the highest common divisor of 38 and y?
2
Suppose -4*j - 4*x + 96 = 0, -75 = 4*j - 9*j + 4*x. Let b be ((-18)/(-4))/(2/(-4)). Let k = b + j. What is the greatest common factor of k and 10?
10
Let h = 0 - 3. Let x be (-2)/(-2*h/(-15)). Let z be x/((-30)/4)*-9. What is the highest common factor of 18 and z?
6
Let b be 4/16 - 106/8. Let v = 3 + b. Let j be -1 - -3*1 - v. What is the greatest common divisor of j and 18?
6
Suppose 29 = -3*m + 134. What is the greatest common divisor of m and 315?
35
Suppose 116 + 12 = h. Suppose r = 2*r - 16. Calculate the highest common factor of h and r.
16
Let b be (3/(-2))/((-24)/64). Let a be (-7)/3*(-7 + b). Calculate the highest common divisor of a and 35.
7
Let t be -4*(3 - -1)/(-4). What is the greatest common divisor of 16 and t?
4
Let p = -58 - -112. Suppose 0 = 4*s + 6 - p. Calculate the greatest common factor of 36 and s.
12
Let k(c) = c**2 + 4*c - 1. Let s be k(-6). Suppose -60 - 116 = -4*q. Let f be q/(-6)*(-24)/4. What is the highest common divisor of s and f?
11
Suppose 3*q + l = 2*l + 24, -3*l = -q + 16. Calculate the highest common factor of 63 and q.
7
Let l(s) = -s**3 - 15*s**2 - 14*s + 2. Let u be l(-14). Calculate the highest common divisor of 4 and u.
2
Let k = 4 + 152. Calculate the greatest common factor of 12 and k.
12
Let w be 1/((-3 + 5)/10). Suppose -p + w*g + 146 = 0, 5*g + 622 = 4*p + 113. Calculate the highest common divisor of 11 and p.
11
Let c(i) = -i**3 + 2*i**2 - i + 21. Let r be c(0). What is the highest common factor of 126 and r?
21
Let o(a) = -a**3 - 26*a**2 - a - 8. Let x be o(-26). What is the highest common divisor of x and 342?
18
Let f be 20 - (5 - 1 - 2). Let p(j) = 4*j - 7. Let l be p(13). Calculate the highest common factor of f and l.
9
Suppose 4*j - 98 = 78. Let u = -14 + j. What is the greatest common factor of 12 and u?
6
Suppose -2*k + 12 = 2. Suppose -5 - 5 = -k*c. Calculate the highest common divisor of c and 10.
2
Let o(k) = -k - 4. Let c be o(-16). What is the greatest common divisor of c and 12?
12
Suppose 0 = 4*j + 5*x + 8 + 13, -1 = j - 3*x. Let a be (j/(-6))/((-12)/(-18)). What is the highest common divisor of a and 7?
1
Let n(f) = -8*f - 101. Let u be n(-14). Let g = -10 - -21. What is the highest common divisor of g and u?
11
Suppose 2*c = -2*q + 50, -4*c - 5*q = 20 - 117. What is the greatest common divisor of 84 and c?
28
Let w = -21 - -14. Let c be (w + 2)/((-2)/8). Calculate the highest common factor of c and 30.
10
Let u = -21 - -25. Calculate the greatest common divisor of 20 and u.
4
Suppose 0 = 3*b + b - 12. Suppose b*g = 200 - 2. Suppose 5*v = -0*v + 30. Calculate the greatest common factor of v and g.
6
Let r(o) = o + 9. Let k be r(-7). Let t = 0 + k. Let n be 13/t*(-108)/(-6). Calculate the greatest common factor of n and 13.
13
Let g(x) = 5*x + 2. Let y be g(5). Suppose -4*m + 2*m = 4*c + 18, 5*m - c + 12 = 0. Let d be m/(-1) - (5 - y). What is the highest common factor of d and 10?
5
Let v be -2*((-45)/(-6))/(-3). Calculate the highest common factor of v and 40.
5
Suppose -7*n - n = -624. What is the greatest common factor of 26 and n?
26
Suppose 5*c - 16 = -4*f + 3*c, 0 = 2*f + 5*c + 8. What is the greatest common factor of f and 15?
3
Suppose 0*y - 10 = -y. Suppose -5*v + y = -5. Suppose -o = 5*j + o + 1, 0 = -5*j + 3*o + 14. Calculate the greatest common factor of j and v.
1
Let u(g) = -2*g. Let f be u(6). Let k be (-1 + 0)/3*f. Let x be -1 + 6 + -1 + 0. What is the highest common divisor of k and x?
4
Let d = -3 - -43. Suppose -3*n + 0*n = 3*r - 24, 2*n - 4*r = d. Let q = 113 + -29. Calculate the highest common factor of q and n.
12
Suppose -29*f = -32*f + 153. Calculate the greatest common factor of 17 and f.
17
Let p(t) = 12*t - 3. Let i = 53 - 24. Suppose -4*n - 1 = -i. Let m be p(n). Calculate the greatest common factor of m and 9.
9
Let p(y) = y + 2. Let l be (1 + -2)*-1 + -5. Let w be p(l). Let u be 17/5 - w/(-5). Calculate the greatest common factor of 24 and u.
3
Let g be (-4)/6 - 455/(-39). What is the greatest common divisor of 11 and g?
11
Suppose 47 = -3*k + 6*k - b, 0 = -k + 4*b + 34. Calculate the greatest common divisor of 7 and k.
7
Let m(j) be the third derivative of j**4/8 + j**3/3 - j**2. Let f be m(3). Let d = 20 - f. Calculate the highest common divisor of d and 36.
9
Let p be -15*(12/(-10) + 0). Let s(c) = -c**2 + c + 22. Let w be s(5). Calculate the greatest common divisor of p and w.
2
Let x = 24 - 13. Let r = 51 - -70. What is the greatest common divisor of x and r?
11
Suppose -21 = -7*k + 4*k. Let s(a) = -a**2 + 56. Let m be s(0). What is the greatest common factor of k and m?
7
Let q = 280 - 140. Suppose -3*u + 5*h = 2*u - 295, -h + 221 = 4*u. What is the greatest common divisor of q and u?
28
Let l = 17 + -9. Let g = l + -3. Let b = g + 5. What is the highest common divisor of 25 and b?
5
Let a = 10 + -6. Suppose a*r - 48 = 32. Let f be ((-88)/(-10))/((-3)/(-75)). Calculate the highest common factor of r and f.
20
Suppose -2*s - 4*d = -20, 19 = 2*s + 2*d + d. What is the highest common divisor of s and 88?
8
Let d be (-6445)/(-45) - (-6)/(-27). Suppose 2*x = 11 + 15. What is the highest common factor of x and d?
13
Let z(i) = i**3 - i**2 - 1. Let o(f) = -f - 1. Let g(a) = -a. Let q be g(3). Let k be o(q). Let u be z(k). Calculate the greatest common divisor of 21 and u.
3
Suppose -x + 0*x = -9. Suppose -3*y + x = -2*y. Suppose 7*j - 27 = 6*j. Calculate the highest common divisor of j and y.
9
Let j be 27/5*(2 + 3). What is the greatest common factor of j and 27?
27
Let p = 11 - -12. Let n = p - 13. Suppose -s + 83 + 117 = 5*j, -2*j + 80 = -s. Calculate the greatest common factor of n and j.
10
Suppose 0 - 3 = 3*u. Let f